{"id":22,"date":"2013-09-21T01:29:00","date_gmt":"2013-09-21T01:29:00","guid":{"rendered":"http:\/\/www.piconseguros.com\/?page_id=22"},"modified":"2022-05-05T00:00:48","modified_gmt":"2022-05-05T03:00:48","slug":"salud","status":"publish","type":"page","link":"https:\/\/www.piconseguros.com\/?page_id=22","title":{"rendered":"Salud"},"content":{"rendered":"<p style=\"text-align: justify;\"><em><strong>Planes de cobertura que funcionan indemnizando una suma preestablecida para afrontar los gastos colaterales derivados de eventualidades que requieran prestaciones m\u00e9dicas de segundo y tercer nivel.<\/strong><\/em><\/p>\n<ul>\n<li style=\"text-align: justify;\">Puede ser individual, matrimonial o familiar.<\/li>\n<li style=\"text-align: justify;\">Act\u00faa asegurando liquidez econ\u00f3mica &nbsp;a las personas cuando precisamente se hallan m\u00e1s desprotegidas por no contar con los medios necesarios.<\/li>\n<li style=\"text-align: justify;\">Tambi\u00e9n puede contratarse cobertura m\u00e9dica de alta complejidad en el exterior; &nbsp;puede incluir cobertura cl\u00ednica y\/o quir\u00fargica; internaci\u00f3n hospitalaria o en centros especializados de tratamientos, transplantes y servicios ambulatorios, etc.<\/li>\n<li style=\"text-align: justify;\">Por otra parte, el Seguro de Accidentes de Trabajo y Enfermedades Profesionales <strong>es obligatorio<\/strong> de acuerdo con lo establecido en la Ley No. 16.074, por la cual el mismo se mantiene bajo el monopolio del BSE. Debe ser contratado por todo patrono a efectos de suministrar protecci\u00f3n a sus empleados y obreros en caso de accidentes laborales o enfermedades profesionales debidamente tipificadas.<\/li>\n<li style=\"text-align: justify;\">La cobertura comprende gastos de asistencia y prestaci\u00f3n econ\u00f3mica durante el tiempo que dure el tratamiento.<\/li>\n<\/ul>\n<p style=\"text-align: justify;\">El<strong> Banco de Seguros del Estado<\/strong> cuenta con un sanatorio propio (<a href=\"https:\/\/www.bse.com.uy\/inicio\/institucional\/hospitalbse\/\" target=\"_blank\" rel=\"noopener noreferrer\">Hospital BSE<\/a>) que garantiza una eficiente asistencia con los mejores niveles de atenci\u00f3n m\u00e9dica para todos los trabajadores del pa\u00eds.<\/p>\n<p style=\"text-align: right;\"><\/p>\n\n","protected":false},"excerpt":{"rendered":"<p>Planes de cobertura que funcionan indemnizando una suma preestablecida para afrontar los gastos colaterales derivados de eventualidades que requieran prestaciones m\u00e9dicas de segundo y tercer nivel. Puede ser individual, matrimonial o familiar. Act\u00faa asegurando liquidez econ\u00f3mica &nbsp;a las personas cuando precisamente se hallan m\u00e1s desprotegidas por no contar con los medios necesarios. Tambi\u00e9n puede contratarse [&hellip;]<\/p>\n","protected":false},"author":1,"featured_media":1609,"parent":15,"menu_order":0,"comment_status":"closed","ping_status":"open","template":"","meta":{"site-sidebar-layout":"default","site-content-layout":"default","ast-site-content-layout":"default","site-content-style":"default","site-sidebar-style":"default","ast-global-header-display":"","ast-banner-title-visibility":"","ast-main-header-display":"","ast-hfb-above-header-display":"","ast-hfb-below-header-display":"","ast-hfb-mobile-header-display":"","site-post-title":"","ast-breadcrumbs-content":"","ast-featured-img":"","footer-sml-layout":"","theme-transparent-header-meta":"default","adv-header-id-meta":"","stick-header-meta":"","header-above-stick-meta":"","header-main-stick-meta":"","header-below-stick-meta":"","astra-migrate-meta-layouts":"default","ast-page-background-enabled":"default","ast-page-background-meta":{"desktop":{"background-color":"","background-image":"","background-repeat":"repeat","background-position":"center center","background-size":"auto","background-attachment":"scroll","background-type":"","background-media":"","overlay-type":"","overlay-color":"","overlay-opacity":"","overlay-gradient":""},"tablet":{"background-color":"","background-image":"","background-repeat":"repeat","background-position":"center center","background-size":"auto","background-attachment":"scroll","background-type":"","background-media":"","overlay-type":"","overlay-color":"","overlay-opacity":"","overlay-gradient":""},"mobile":{"background-color":"","background-image":"","background-repeat":"repeat","background-position":"center center","background-size":"auto","background-attachment":"scroll","background-type":"","background-media":"","overlay-type":"","overlay-color":"","overlay-opacity":"","overlay-gradient":""}},"ast-content-background-meta":{"desktop":{"background-color":"var(--ast-global-color-5)","background-image":"","background-repeat":"repeat","background-position":"center center","background-size":"auto","background-attachment":"scroll","background-type":"","background-media":"","overlay-type":"","overlay-color":"","overlay-opacity":"","overlay-gradient":""},"tablet":{"background-color":"var(--ast-global-color-5)","background-image":"","background-repeat":"repeat","background-position":"center center","background-size":"auto","background-attachment":"scroll","background-type":"","background-media":"","overlay-type":"","overlay-color":"","overlay-opacity":"","overlay-gradient":""},"mobile":{"background-color":"var(--ast-global-color-5)","background-image":"","background-repeat":"repeat","background-position":"center center","background-size":"auto","background-attachment":"scroll","background-type":"","background-media":"","overlay-type":"","overlay-color":"","overlay-opacity":"","overlay-gradient":""}},"footnotes":""},"class_list":["post-22","page","type-page","status-publish","has-post-thumbnail","hentry"],"_links":{"self":[{"href":"https:\/\/www.piconseguros.com\/index.php?rest_route=\/wp\/v2\/pages\/22","targetHints":{"allow":["GET"]}}],"collection":[{"href":"https:\/\/www.piconseguros.com\/index.php?rest_route=\/wp\/v2\/pages"}],"about":[{"href":"https:\/\/www.piconseguros.com\/index.php?rest_route=\/wp\/v2\/types\/page"}],"author":[{"embeddable":true,"href":"https:\/\/www.piconseguros.com\/index.php?rest_route=\/wp\/v2\/users\/1"}],"replies":[{"embeddable":true,"href":"https:\/\/www.piconseguros.com\/index.php?rest_route=%2Fwp%2Fv2%2Fcomments&post=22"}],"version-history":[{"count":14,"href":"https:\/\/www.piconseguros.com\/index.php?rest_route=\/wp\/v2\/pages\/22\/revisions"}],"predecessor-version":[{"id":1621,"href":"https:\/\/www.piconseguros.com\/index.php?rest_route=\/wp\/v2\/pages\/22\/revisions\/1621"}],"up":[{"embeddable":true,"href":"https:\/\/www.piconseguros.com\/index.php?rest_route=\/wp\/v2\/pages\/15"}],"wp:featuredmedia":[{"embeddable":true,"href":"https:\/\/www.piconseguros.com\/index.php?rest_route=\/wp\/v2\/media\/1609"}],"wp:attachment":[{"href":"https:\/\/www.piconseguros.com\/index.php?rest_route=%2Fwp%2Fv2%2Fmedia&parent=22"}],"curies":[{"name":"wp","href":"https:\/\/api.w.org\/{rel}","templated":true}]}}